{"id":4590,"date":"2024-02-17T13:23:44","date_gmt":"2024-02-17T13:23:44","guid":{"rendered":"https:\/\/mondify.org\/en\/?page_id=4590"},"modified":"2025-06-04T20:39:16","modified_gmt":"2025-06-04T20:39:16","slug":"jornalismo-na-argentina","status":"publish","type":"page","link":"https:\/\/mondify.org\/pt\/jornalismo-na-argentina\/","title":{"rendered":"Jornalismo na Argentina"},"content":{"rendered":"<div class=\"wpb-content-wrapper\"><p>[vc_row][vc_column]<div class=\"deeper-spacer clearfix\" data-config='{\"desktop\":100,\"mobile\":120,\"smobile\":90}'><\/div><h1 class=\"deeper-text align-center \" style=\"margin-bottom:30px;\" ><span>Journalism in Argentina<\/span>\n<\/h1><div class=\"deeper-spacer clearfix\" data-config='{\"desktop\":50,\"mobile\":40,\"smobile\":30}'><\/div><div class=\"deeper-fancy-image reveal  lr \"   data-inviewport=\"yes\">\r\n\t\t\t\t\t\t\t<figure style=\"border-radius:10px;overflow:hidden;\"><img decoding=\"async\" alt=\"image\" src=\"https:\/\/mondify.org\/pt\/wp-content\/uploads\/2023\/12\/mondify_prog_002-v2.jpg\" \/> <\/figure>\r\n\t\t\t\t\t\t<\/div><div class=\"deeper-spacer clearfix\" data-config='{\"desktop\":50,\"mobile\":40,\"smobile\":30}'><\/div>[vc_row_inner][vc_column_inner width=&#8221;2\/3&#8243; offset=&#8221;vc_col-lg-6 vc_col-md-7 vc_col-sm-offset-0&#8243;]<div class=\"deeper-text align-left \" style=\"margin-bottom:30px;\" ><span><span style=\"font-weight: 400;\">Obtenha uma valiosa experi\u00eancia de trabalho trabalhando ao lado de jornalistas em uma esta\u00e7\u00e3o de r\u00e1dio.<\/span><\/span>\n<span><span style=\"font-weight: 400;\">Se voc\u00ea est\u00e1 pronto para fazer sua voz inundar o r\u00e1dio como jornalista, ent\u00e3o est\u00e1 pronto para o nosso est\u00e1gio de jornalismo de r\u00e1dio na Argentina. \u00c9 a oportunidade perfeita para ganhar experi\u00eancia em uma esta\u00e7\u00e3o de r\u00e1dio local, aprimorar seu curr\u00edculo, aperfei\u00e7oar suas habilidades e aprender sobre o trabalho de m\u00eddia no exterior. Voc\u00ea trabalhar\u00e1 ao lado de jornalistas profissionais e ver\u00e1 como \u00e9 a vida cotidiana desse estilo de vida, al\u00e9m de conhecer o funcionamento de uma esta\u00e7\u00e3o de r\u00e1dio e se envolver nela. E seria um bom momento para come\u00e7ar a montar um bom portf\u00f3lio. Voc\u00ea estar\u00e1 em Unquillo, uma cidade na prov\u00edncia de C\u00f3rdoba. Voc\u00ea pode aproveitar seu tempo livre para explorar as maravilhas da cultura argentina, visitar a casa de Che Guevara ou fazer uma excurs\u00e3o a um dos parques nacionais da Argentina.<\/span><\/span>\n<\/div><div class=\"deeper-text align-left \" style=\"margin-bottom:0px;\" ><span><span style=\"font-weight: 400;\">Esses est\u00e1gios s\u00e3o perfeitos para obter experi\u00eancia e impulsionar seu curr\u00edculo, seja voc\u00ea um estudante com diploma ou ainda n\u00e3o tenha experi\u00eancia em jornalismo. Esses est\u00e1gios s\u00e3o especificamente para jornalismo de r\u00e1dio, portanto, voc\u00ea precisa ter confian\u00e7a para falar no r\u00e1dio e interesse em reda\u00e7\u00e3o de roteiros, o que pode ser bastante diferente da escrita convencional. Este projeto opera durante todo o ano, ent\u00e3o voc\u00ea pode se juntar quando melhor se adequar ao seu cronograma.<\/span><\/span>\n<\/div><div class=\"deeper-spacer clearfix\" data-config='{\"desktop\":50,\"mobile\":40,\"smobile\":30}'><\/div>[\/vc_column_inner][vc_column_inner width=&#8221;1\/3&#8243; offset=&#8221;vc_col-lg-offset-2 vc_col-lg-4 vc_col-md-offset-1 vc_col-md-4&#8243;]<div class=\"deeper-spacer clearfix\" data-config='{\"desktop\":6,\"mobile\":6,\"smobile\":6}'><\/div><h2 class=\"deeper-text align-left \" style=\"font-size:22px;line-height:35px;margin-bottom:0px;\" ><span>Datas de in\u00edcio:<\/span>\n<\/h2><div class=\"deeper-text align-left \" style=\"margin-bottom:0px;\" ><span>Flex\u00edveis<\/span>\n<\/div><div class=\"deeper-spacer clearfix\" data-config='{\"desktop\":37,\"mobile\":37,\"smobile\":37}'><\/div><h2 class=\"deeper-text align-left \" style=\"font-size:22px;line-height:35px;margin-bottom:0px;\" ><span>Dura\u00e7\u00e3o m\u00ednima:<\/span>\n<\/h2><div class=\"deeper-text align-left \" style=\"margin-bottom:0px;\" ><span>1 semana<\/span>\n<\/div><div class=\"deeper-spacer clearfix\" data-config='{\"desktop\":37,\"mobile\":37,\"smobile\":37}'><\/div><div class=\"deeper-fancy-image simple \" style=\"border-radius:10px;overflow:hidden;\" >\r\n\t\t\t\t\t\t\t<a target=\"_blank\" href=\"https:\/\/mondify.org\/pt\/midia\/\"><img decoding=\"async\" alt=\"image\" src=\"https:\/\/mondify.org\/pt\/wp-content\/uploads\/2024\/03\/Testemunhos.jpg\" \/><\/a> \r\n\t\t\t\t\t\t<\/div>[\/vc_column_inner][\/vc_row_inner][\/vc_column][\/vc_row][vc_row full_width=&#8221;stretch_row&#8221; canvas=&#8221;%5B%7B%22shape%22%3A%22shape-1%22%2C%22image_effect%22%3A%22style-1%22%2C%22smoothness%22%3A%2230%22%7D%5D&#8221; css=&#8221;.vc_custom_1592577640421{background-color: #f8f8f9 !important;}&#8221;][vc_column]<div class=\"deeper-spacer clearfix\" data-config='{\"desktop\":20,\"mobile\":20,\"smobile\":20}'><\/div>[vc_wp_text]<\/p>\n<div class=\"col-lg-12\">\n<div class=\"col-lg-12\">\n<h4>Suas tarefas::<\/h4>\n<p>Voc\u00ea trabalhar\u00e1 com jornalistas profissionais de uma esta\u00e7\u00e3o de r\u00e1dio local. A esta\u00e7\u00e3o foca em assuntos atuais e pol\u00edtica, com um forte \u00eanfase na conscientiza\u00e7\u00e3o dos direitos humanos. Voc\u00ea ser\u00e1 capaz de aprender muito e ganhar muita experi\u00eancia pr\u00e1tica em tarefas como:<\/p>\n<p>&#8211; Investigar a fundo temas para uma discuss\u00e3o ao vivo.<br \/>\n&#8211; Dar sua opini\u00e3o sobre quest\u00f5es atuais durante programas de debate.<br \/>\n&#8211; Realizar entrevistas ao vivo para que as pessoas possam expressar seus pontos de vista.<\/p>\n<p>Todo o trabalho que voc\u00ea faz ter\u00e1 a orienta\u00e7\u00e3o e supervis\u00e3o dos jornalistas da esta\u00e7\u00e3o.<\/p><\/div>\n<div class=\"col-lg-12\">\n<h4>Onde na Argentina eu vou trabalhar?<\/h4>\n<p>Nossos est\u00e1gios de jornalismo de r\u00e1dio na Argentina acontecem em Unquillo, lar de 15.000 pessoas da prov\u00edncia de C\u00f3rdoba. Unquillo est\u00e1 localizada a 15 km ao norte da capital, C\u00f3rdoba. Quando voc\u00ea n\u00e3o estiver trabalhando, poder\u00e1 explorar a cidade e visitar lugares como a Casa Museo Buffo, uma capela transformada em museu. Voc\u00ea trabalhar\u00e1 para uma esta\u00e7\u00e3o de r\u00e1dio perfeitamente equipada para que voc\u00ea aprenda tudo o que precisa saber sobre jornalismo de r\u00e1dio.<\/p><\/div>\n<div class=\"col-lg-12\">\n<h4>Aeroporto de chegada<\/h4>\n<p>Se voc\u00ea vai trabalhar neste projeto, deve chegar ao Aeroporto Internacional de C\u00f3rdoba (COR), onde um membro de nossa equipe estar\u00e1 esperando para receb\u00ea-lo.<\/p><\/div>\n<div class=\"col-lg-12\">\n<h4>Alimenta\u00e7\u00e3o e acomoda\u00e7\u00e3o<\/h4>\n<p>Voc\u00ea ficar\u00e1 hospedado com uma fam\u00edlia anfitri\u00e3 em C\u00f3rdoba. Eles v\u00e3o receb\u00ea-lo em sua casa e ficar\u00e3o felizes em compartilhar seus costumes e aprender sobre sua cultura. Acreditamos que esta \u00e9 a melhor maneira de mergulhar no estilo de vida argentino e ter uma experi\u00eancia verdadeiramente \u00fanica. Seu quarto ser\u00e1 simples, mas confort\u00e1vel, limpo e seguro. O custo do programa inclui tr\u00eas refei\u00e7\u00f5es por dia.<\/p><\/div>\n<div class=\"col-lg-12\">\n<h4>Lazer<\/h4>\n<p>A Argentina \u00e9 um pa\u00eds vibrante da Am\u00e9rica do Sul, cheio de cores e patrim\u00f4nio cultural. Al\u00e9m de contribuir para projetos que valem a pena, viajar para a Argentina conosco significa que voc\u00ea poder\u00e1 explorar este pa\u00eds fascinante. Passe a tarde desfrutando de um caf\u00e9 na Plaza San Mart\u00edn, com seus artistas de rua e sua ic\u00f4nica est\u00e1tua do General Jos\u00e9 de San Mart\u00edn. Voc\u00ea pode fazer uma viagem de fim de semana para as montanhas. A natureza ao redor \u00e9 impressionante e um passeio a cavalo pelas trilhas naturais tamb\u00e9m vale a pena. Existem experi\u00eancias culturais, como o Museu Superior de Belas Artes Evita ou o Teatro del Libertador General San Mart\u00edn. Voc\u00ea tamb\u00e9m pode aprender sobre a hist\u00f3ria do pa\u00eds em museus locais e visitar o local de nascimento de Che Guevara. Provavelmente h\u00e1 outros volunt\u00e1rios na Argentina, ent\u00e3o voc\u00ea pode explorar por conta pr\u00f3pria ou com um grupo de volunt\u00e1rios de diferentes projetos.<\/p><\/div>\n<\/div>\n<p>[\/vc_wp_text]<div class=\"deeper-spacer clearfix\" data-config='{\"desktop\":20,\"mobile\":20,\"smobile\":20}'><\/div>[\/vc_column][\/vc_row][vc_row full_width=&#8221;stretch_row&#8221; canvas=&#8221;%5B%7B%22shape%22%3A%22shape-1%22%2C%22image_effect%22%3A%22style-1%22%2C%22smoothness%22%3A%2230%22%7D%5D&#8221; css=&#8221;.vc_custom_1709070045306{background-color: #f8f8f9 !important;}&#8221;][vc_column][vc_row_inner][vc_column_inner width=&#8221;1\/3&#8243;]<div class=\"url-wrap  align-center\" >\r\n\t\t\t\t\t\t<a class=\"deeper-button button-accent small\" style=\"\" href=https:\/\/mondify.org\/pt\/orcamento\/ title=&quot;budget&quot; >Or\u00e7amento<span class=\"hover-effect\"><\/span><\/a>\r\n\t\t\t\t\t<\/div>[\/vc_column_inner][vc_column_inner width=&#8221;1\/3&#8243;]<div class=\"url-wrap  align-center\" >\r\n\t\t\t\t\t\t<a class=\"deeper-button button-gradient-orange2 medium\" style=\"\" href=https:\/\/docs.google.com\/forms\/d\/e\/1FAIpQLSetO20ebm7TAeG3AVwiCVfOxCu0vtK5B25FSjBW56pH2SyRUw\/viewform?usp=header >Inscreva-se agora<span class=\"hover-effect\"><\/span><\/a>\r\n\t\t\t\t\t<\/div>[\/vc_column_inner][vc_column_inner width=&#8221;1\/3&#8243;][vc_raw_html]JTNDZGl2JTIwc3R5bGUlM0QlMjJ0ZXh0LWFsaWduJTNBJTIwY2VudGVyJTNCJTIyJTNFJTBBJTIwJTIwJTIwJTNDYSUyMGNsYXNzJTNEJTIyZGVlcGVyLWJ1dHRvbiUyMGJ1dHRvbi1hY2NlbnQlMjBzbWFsbCUyMiUyMG9uY2xpY2slM0QlMjJoaXN0b3J5LmJhY2slMjglMjklMjIlM0VWb2x0YXIlM0MlMkZhJTNFJTBBJTNDJTJGZGl2JTNFJTBB[\/vc_raw_html][\/vc_column_inner][\/vc_row_inner]<div class=\"deeper-spacer clearfix\" data-config='{\"desktop\":60,\"mobile\":50,\"smobile\":40}'><\/div>[\/vc_column][\/vc_row]<\/p>\n<\/div>","protected":false},"excerpt":{"rendered":"<p>[vc_row][vc_column][vc_row_inner][vc_column_inner width=&#8221;2\/3&#8243; offset=&#8221;vc_col-lg-6 vc_col-md-7 vc_col-sm-offset-0&#8243;][\/vc_column_inner][vc_column_inner width=&#8221;1\/3&#8243; offset=&#8221;vc_col-lg-offset-2 vc_col-lg-4 vc_col-md-offset-1 vc_col-md-4&#8243;][\/vc_column_inner][\/vc_row_inner][\/vc_column][\/vc_row][vc_row full_width=&#8221;stretch_row&#8221; canvas=&#8221;%5B%7B%22shape%22%3A%22shape-1%22%2C%22image_effect%22%3A%22style-1%22%2C%22smoothness%22%3A%2230%22%7D%5D&#8221; css=&#8221;.vc_custom_1592577640421{background-color: #f8f8f9 !important;}&#8221;][vc_column][vc_wp_text] Suas tarefas:: Voc\u00ea trabalhar\u00e1 com jornalistas profissionais de uma esta\u00e7\u00e3o de r\u00e1dio local. A esta\u00e7\u00e3o foca em assuntos atuais e pol\u00edtica, com um forte \u00eanfase na conscientiza\u00e7\u00e3o dos direitos humanos. Voc\u00ea ser\u00e1 capaz de aprender<\/p>\n","protected":false},"author":2,"featured_media":0,"parent":0,"menu_order":0,"comment_status":"closed","ping_status":"closed","template":"","meta":{"footnotes":""},"class_list":["post-4590","page","type-page","status-publish","hentry"],"_links":{"self":[{"href":"https:\/\/mondify.org\/pt\/wp-json\/wp\/v2\/pages\/4590","targetHints":{"allow":["GET"]}}],"collection":[{"href":"https:\/\/mondify.org\/pt\/wp-json\/wp\/v2\/pages"}],"about":[{"href":"https:\/\/mondify.org\/pt\/wp-json\/wp\/v2\/types\/page"}],"author":[{"embeddable":true,"href":"https:\/\/mondify.org\/pt\/wp-json\/wp\/v2\/users\/2"}],"replies":[{"embeddable":true,"href":"https:\/\/mondify.org\/pt\/wp-json\/wp\/v2\/comments?post=4590"}],"version-history":[{"count":0,"href":"https:\/\/mondify.org\/pt\/wp-json\/wp\/v2\/pages\/4590\/revisions"}],"wp:attachment":[{"href":"https:\/\/mondify.org\/pt\/wp-json\/wp\/v2\/media?parent=4590"}],"curies":[{"name":"wp","href":"https:\/\/api.w.org\/{rel}","templated":true}]}}

<div class="wpb-content-wrapper"><p>[vc_row][vc_column]<div class="deeper-spacer clearfix" data-config='{"desktop":100,"mobile":120,"smobile":90}'></div><h1 class="deeper-text align-center " style="margin-bottom:30px;" ><span>Journalism in Argentina</span>
</h1><div class="deeper-spacer clearfix" data-config='{"desktop":50,"mobile":40,"smobile":30}'></div><div class="deeper-fancy-image reveal  lr "   data-inviewport="yes">
							<figure style="border-radius:10px;overflow:hidden;"><img decoding="async" alt="image" src="https://mondify.org/pt/wp-content/uploads/2023/12/mondify_prog_002-v2.jpg" /> </figure>
						</div><div class="deeper-spacer clearfix" data-config='{"desktop":50,"mobile":40,"smobile":30}'></div>[vc_row_inner][vc_column_inner width=&#8221;2/3&#8243; offset=&#8221;vc_col-lg-6 vc_col-md-7 vc_col-sm-offset-0&#8243;]<div class="deeper-text align-left " style="margin-bottom:30px;" ><span><span style="font-weight: 400;">Obtenha uma valiosa experiência de trabalho trabalhando ao lado de jornalistas em uma estação de rádio.</span></span>
<span><span style="font-weight: 400;">Se você está pronto para fazer sua voz inundar o rádio como jornalista, então está pronto para o nosso estágio de jornalismo de rádio na Argentina. É a oportunidade perfeita para ganhar experiência em uma estação de rádio local, aprimorar seu currículo, aperfeiçoar suas habilidades e aprender sobre o trabalho de mídia no exterior. Você trabalhará ao lado de jornalistas profissionais e verá como é a vida cotidiana desse estilo de vida, além de conhecer o funcionamento de uma estação de rádio e se envolver nela. E seria um bom momento para começar a montar um bom portfólio. Você estará em Unquillo, uma cidade na província de Córdoba. Você pode aproveitar seu tempo livre para explorar as maravilhas da cultura argentina, visitar a casa de Che Guevara ou fazer uma excursão a um dos parques nacionais da Argentina.</span></span>
</div><div class="deeper-text align-left " style="margin-bottom:0px;" ><span><span style="font-weight: 400;">Esses estágios são perfeitos para obter experiência e impulsionar seu currículo, seja você um estudante com diploma ou ainda não tenha experiência em jornalismo. Esses estágios são especificamente para jornalismo de rádio, portanto, você precisa ter confiança para falar no rádio e interesse em redação de roteiros, o que pode ser bastante diferente da escrita convencional. Este projeto opera durante todo o ano, então você pode se juntar quando melhor se adequar ao seu cronograma.</span></span>
</div><div class="deeper-spacer clearfix" data-config='{"desktop":50,"mobile":40,"smobile":30}'></div>[/vc_column_inner][vc_column_inner width=&#8221;1/3&#8243; offset=&#8221;vc_col-lg-offset-2 vc_col-lg-4 vc_col-md-offset-1 vc_col-md-4&#8243;]<div class="deeper-spacer clearfix" data-config='{"desktop":6,"mobile":6,"smobile":6}'></div><h2 class="deeper-text align-left " style="font-size:22px;line-height:35px;margin-bottom:0px;" ><span>Datas de início:</span>
</h2><div class="deeper-text align-left " style="margin-bottom:0px;" ><span>Flexíveis</span>
</div><div class="deeper-spacer clearfix" data-config='{"desktop":37,"mobile":37,"smobile":37}'></div><h2 class="deeper-text align-left " style="font-size:22px;line-height:35px;margin-bottom:0px;" ><span>Duração mínima:</span>
</h2><div class="deeper-text align-left " style="margin-bottom:0px;" ><span>1 semana</span>
</div><div class="deeper-spacer clearfix" data-config='{"desktop":37,"mobile":37,"smobile":37}'></div><div class="deeper-fancy-image simple " style="border-radius:10px;overflow:hidden;" >
							<a target="_blank" href="https://mondify.org/pt/midia/"><img decoding="async" alt="image" src="https://mondify.org/pt/wp-content/uploads/2024/03/Testemunhos.jpg" /></a> 
						</div>[/vc_column_inner][/vc_row_inner][/vc_column][/vc_row][vc_row full_width=&#8221;stretch_row&#8221; canvas=&#8221;%5B%7B%22shape%22%3A%22shape-1%22%2C%22image_effect%22%3A%22style-1%22%2C%22smoothness%22%3A%2230%22%7D%5D&#8221; css=&#8221;.vc_custom_1592577640421{background-color: #f8f8f9 !important;}&#8221;][vc_column]<div class="deeper-spacer clearfix" data-config='{"desktop":20,"mobile":20,"smobile":20}'></div>[vc_wp_text]</p>
<div class="col-lg-12">
<div class="col-lg-12">
<h4>Suas tarefas::</h4>
<p>Você trabalhará com jornalistas profissionais de uma estação de rádio local. A estação foca em assuntos atuais e política, com um forte ênfase na conscientização dos direitos humanos. Você será capaz de aprender muito e ganhar muita experiência prática em tarefas como:</p>
<p>&#8211; Investigar a fundo temas para uma discussão ao vivo.<br />
&#8211; Dar sua opinião sobre questões atuais durante programas de debate.<br />
&#8211; Realizar entrevistas ao vivo para que as pessoas possam expressar seus pontos de vista.</p>
<p>Todo o trabalho que você faz terá a orientação e supervisão dos jornalistas da estação.</p></div>
<div class="col-lg-12">
<h4>Onde na Argentina eu vou trabalhar?</h4>
<p>Nossos estágios de jornalismo de rádio na Argentina acontecem em Unquillo, lar de 15.000 pessoas da província de Córdoba. Unquillo está localizada a 15 km ao norte da capital, Córdoba. Quando você não estiver trabalhando, poderá explorar a cidade e visitar lugares como a Casa Museo Buffo, uma capela transformada em museu. Você trabalhará para uma estação de rádio perfeitamente equipada para que você aprenda tudo o que precisa saber sobre jornalismo de rádio.</p></div>
<div class="col-lg-12">
<h4>Aeroporto de chegada</h4>
<p>Se você vai trabalhar neste projeto, deve chegar ao Aeroporto Internacional de Córdoba (COR), onde um membro de nossa equipe estará esperando para recebê-lo.</p></div>
<div class="col-lg-12">
<h4>Alimentação e acomodação</h4>
<p>Você ficará hospedado com uma família anfitriã em Córdoba. Eles vão recebê-lo em sua casa e ficarão felizes em compartilhar seus costumes e aprender sobre sua cultura. Acreditamos que esta é a melhor maneira de mergulhar no estilo de vida argentino e ter uma experiência verdadeiramente única. Seu quarto será simples, mas confortável, limpo e seguro. O custo do programa inclui três refeições por dia.</p></div>
<div class="col-lg-12">
<h4>Lazer</h4>
<p>A Argentina é um país vibrante da América do Sul, cheio de cores e patrimônio cultural. Além de contribuir para projetos que valem a pena, viajar para a Argentina conosco significa que você poderá explorar este país fascinante. Passe a tarde desfrutando de um café na Plaza San Martín, com seus artistas de rua e sua icônica estátua do General José de San Martín. Você pode fazer uma viagem de fim de semana para as montanhas. A natureza ao redor é impressionante e um passeio a cavalo pelas trilhas naturais também vale a pena. Existem experiências culturais, como o Museu Superior de Belas Artes Evita ou o Teatro del Libertador General San Martín. Você também pode aprender sobre a história do país em museus locais e visitar o local de nascimento de Che Guevara. Provavelmente há outros voluntários na Argentina, então você pode explorar por conta própria ou com um grupo de voluntários de diferentes projetos.</p></div>
</div>
<p>[/vc_wp_text]<div class="deeper-spacer clearfix" data-config='{"desktop":20,"mobile":20,"smobile":20}'></div>[/vc_column][/vc_row][vc_row full_width=&#8221;stretch_row&#8221; canvas=&#8221;%5B%7B%22shape%22%3A%22shape-1%22%2C%22image_effect%22%3A%22style-1%22%2C%22smoothness%22%3A%2230%22%7D%5D&#8221; css=&#8221;.vc_custom_1709070045306{background-color: #f8f8f9 !important;}&#8221;][vc_column][vc_row_inner][vc_column_inner width=&#8221;1/3&#8243;]<div class="url-wrap  align-center" >
						<a class="deeper-button button-accent small" style="" href=https://mondify.org/pt/orcamento/ title=&quot;budget&quot; >Orçamento<span class="hover-effect"></span></a>
					</div>[/vc_column_inner][vc_column_inner width=&#8221;1/3&#8243;]<div class="url-wrap  align-center" >
						<a class="deeper-button button-gradient-orange2 medium" style="" href=https://docs.google.com/forms/d/e/1FAIpQLSetO20ebm7TAeG3AVwiCVfOxCu0vtK5B25FSjBW56pH2SyRUw/viewform?usp=header >Inscreva-se agora<span class="hover-effect"></span></a>
					</div>[/vc_column_inner][vc_column_inner width=&#8221;1/3&#8243;][vc_raw_html]JTNDZGl2JTIwc3R5bGUlM0QlMjJ0ZXh0LWFsaWduJTNBJTIwY2VudGVyJTNCJTIyJTNFJTBBJTIwJTIwJTIwJTNDYSUyMGNsYXNzJTNEJTIyZGVlcGVyLWJ1dHRvbiUyMGJ1dHRvbi1hY2NlbnQlMjBzbWFsbCUyMiUyMG9uY2xpY2slM0QlMjJoaXN0b3J5LmJhY2slMjglMjklMjIlM0VWb2x0YXIlM0MlMkZhJTNFJTBBJTNDJTJGZGl2JTNFJTBB[/vc_raw_html][/vc_column_inner][/vc_row_inner]<div class="deeper-spacer clearfix" data-config='{"desktop":60,"mobile":50,"smobile":40}'></div>[/vc_column][/vc_row]</p>
</div>

<p>[vc_row][vc_column][vc_row_inner][vc_column_inner width=&#8221;2/3&#8243; offset=&#8221;vc_col-lg-6 vc_col-md-7 vc_col-sm-offset-0&#8243;][/vc_column_inner][vc_column_inner width=&#8221;1/3&#8243; offset=&#8221;vc_col-lg-offset-2 vc_col-lg-4 vc_col-md-offset-1 vc_col-md-4&#8243;][/vc_column_inner][/vc_row_inner][/vc_column][/vc_row][vc_row full_width=&#8221;stretch_row&#8221; canvas=&#8221;%5B%7B%22shape%22%3A%22shape-1%22%2C%22image_effect%22%3A%22style-1%22%2C%22smoothness%22%3A%2230%22%7D%5D&#8221; css=&#8221;.vc_custom_1592577640421{background-color: #f8f8f9 !important;}&#8221;][vc_column][vc_wp_text] Suas tarefas:: Você trabalhará com jornalistas profissionais de uma estação de rádio local. A estação foca em assuntos atuais e política, com um forte ênfase na conscientização dos direitos humanos. Você será capaz de aprender</p>
