{"id":5422,"date":"2024-03-21T20:20:30","date_gmt":"2024-03-21T20:20:30","guid":{"rendered":"https:\/\/mondify.org\/?page_id=5422"},"modified":"2024-09-16T20:38:55","modified_gmt":"2024-09-16T20:38:55","slug":"stage-giornalismo-radiofonico","status":"publish","type":"page","link":"https:\/\/mondify.org\/it\/stage-giornalismo-radiofonico\/","title":{"rendered":"Stage di giornalismo radiofonico in Argentina"},"content":{"rendered":"<div class=\"wpb-content-wrapper\"><p>[vc_row][vc_column]<div class=\"deeper-spacer clearfix\" data-config='{\"desktop\":100,\"mobile\":120,\"smobile\":120}'><\/div><h1 class=\"deeper-text align-center \" style=\"margin-bottom:30px;\" ><span>Stage di giornalismo radiofonico in Argentina<\/span>\n<\/h1><div class=\"deeper-spacer clearfix\" data-config='{\"desktop\":50,\"mobile\":40,\"smobile\":30}'><\/div><div class=\"deeper-fancy-image reveal  lr \"   data-inviewport=\"yes\">\r\n\t\t\t\t\t\t\t<figure style=\"border-radius:10px;overflow:hidden;\"><img decoding=\"async\" alt=\"image\" src=\"https:\/\/mondify.org\/it\/wp-content\/uploads\/2023\/12\/mondify_prog_002-v2.jpg\" \/> <\/figure>\r\n\t\t\t\t\t\t<\/div><div class=\"deeper-spacer clearfix\" data-config='{\"desktop\":50,\"mobile\":40,\"smobile\":30}'><\/div>[vc_row_inner][vc_column_inner width=&#8221;2\/3&#8243; offset=&#8221;vc_col-lg-6 vc_col-md-7 vc_col-sm-offset-0&#8243;]<div class=\"deeper-text align-left \" style=\"margin-bottom:30px;\" ><span><span style=\"font-weight: 400;\">Fai esperienza in radio!<\/span><\/span>\n<span><span style=\"font-weight: 400;\">Il nostro progetto di stage in giornalismo radiofonico in Argentina \u00e8 l\u2019opportunit\u00e0 perfetta per acquisire esperienza presso una stazione radio, migliorare il tuo CV, affinare le tue capacit\u00e0 e conoscere il mondo dei media all\u2019estero.<\/span><\/span>\n<span><span style=\"font-weight: 400;\">Lavorerai con giornalisti esperti e vivrai in prima persona la quotidianit\u00e0 di questo stile di vita. In pi\u00f9, vedrai come funziona una stazione radio e ti farai coinvolgere in diverse attivit\u00e0. Quale occasione migliore per iniziare a creare il tuo portfolio?\u00a0<\/span><\/span>\n<span><span style=\"font-weight: 400;\">In pi\u00f9, grazie al lavoro, ti addentrerai nella cultura locale ed entrerai in contatto con tante persone diverse.<\/span><\/span>\n<span><span style=\"font-weight: 400;\">Si tratta di stage perfetti per acquisire esperienza e dare slancio al tuo CV, a prescindere dal fatto che tu abbia completato gli studi o non abbia ancora esperienza nel giornalismo.<\/span><\/span>\n<span><span style=\"font-weight: 400;\">Questi stage sono specifici per il giornalismo radiofonico, per cui \u00e8 importante che tu abbia dimestichezza con l\u2019idea di parlare in radio o interesse per la scrittura di sceneggiature, che \u00e8 cosa diversa dalla scrittura convenzionale.\u00a0<\/span><\/span>\n<span><span style=\"font-weight: 400;\">Puoi scegliere liberamente le date di partenza. Organizzeremo la tua esperienza in base alle tue preferenze.<\/span><\/span>\n<\/div><div class=\"deeper-spacer clearfix\" data-config='{\"desktop\":50,\"mobile\":40,\"smobile\":30}'><\/div>[\/vc_column_inner][vc_column_inner width=&#8221;1\/3&#8243; offset=&#8221;vc_col-lg-offset-2 vc_col-lg-4 vc_col-md-offset-1 vc_col-md-4&#8243;]<div class=\"deeper-spacer clearfix\" data-config='{\"desktop\":6,\"mobile\":6,\"smobile\":6}'><\/div><h2 class=\"deeper-text align-left \" style=\"font-size:22px;line-height:35px;margin-bottom:0px;\" ><span>Date di inizio:<\/span>\n<\/h2><div class=\"deeper-text align-left \" style=\"margin-bottom:0px;\" ><span>Flessibile<\/span>\n<\/div><div class=\"deeper-spacer clearfix\" data-config='{\"desktop\":37,\"mobile\":37,\"smobile\":37}'><\/div><h2 class=\"deeper-text align-left \" style=\"font-size:22px;line-height:35px;margin-bottom:0px;\" ><span>Durata minima:<\/span>\n<\/h2><div class=\"deeper-text align-left \" style=\"margin-bottom:0px;\" ><span>1 settimana<\/span>\n<\/div><div class=\"deeper-spacer clearfix\" data-config='{\"desktop\":37,\"mobile\":37,\"smobile\":37}'><\/div><div class=\"deeper-fancy-image simple \" style=\"border-radius:10px;overflow:hidden;\" >\r\n\t\t\t\t\t\t\t<a target=\"_blank\" href=\"https:\/\/mondify.org\/it\/it-media\/\"><img decoding=\"async\" alt=\"image\" src=\"https:\/\/mondify.org\/it\/wp-content\/uploads\/2024\/03\/Testimonianze.jpg\" \/><\/a> \r\n\t\t\t\t\t\t<\/div>[\/vc_column_inner][\/vc_row_inner][\/vc_column][\/vc_row][vc_row full_width=&#8221;stretch_row&#8221; canvas=&#8221;%5B%7B%22shape%22%3A%22shape-1%22%2C%22image_effect%22%3A%22style-1%22%2C%22smoothness%22%3A%2230%22%7D%5D&#8221; css=&#8221;.vc_custom_1592577640421{background-color: #f8f8f9 !important;}&#8221;][vc_column]<div class=\"deeper-spacer clearfix\" data-config='{\"desktop\":20,\"mobile\":20,\"smobile\":20}'><\/div>[vc_wp_text]<strong>Le attivit\u00e0:<\/strong><\/p>\n<p><span style=\"font-weight: 400;\">Lavorerai con giornalisti professionisti di una radio locale, incentrata su attualit\u00e0 e politica, con grande enfasi sulla sensibilizzazione dei diritti umani. Sar\u00e0 una grande occasione per fare esperienza pratica in alcuni specifici compiti:<\/span><\/p>\n<ul>\n<li style=\"font-weight: 400;\" aria-level=\"1\"><span style=\"font-weight: 400;\">approfondire argomenti per una discussione live<\/span><\/li>\n<li style=\"font-weight: 400;\" aria-level=\"1\"><span style=\"font-weight: 400;\">esprimere la tua opinione su temi di attualit\u00e0 nel corso delle trasmissioni<\/span><\/li>\n<li style=\"font-weight: 400;\" aria-level=\"1\"><span style=\"font-weight: 400;\">condurre interviste dal vivo affinch\u00e9 le persone possano condividere il proprio punto di vista<\/span><\/li>\n<\/ul>\n<p><span style=\"font-weight: 400;\">Per ogni attivit\u00e0, ci sar\u00e0 una persona esperta a guidarti.\u00a0<\/span><\/p>\n<p><span style=\"font-weight: 400;\">La stazione radio \u00e8 perfettamente attrezzata e imparerai tutto quello che c\u2019\u00e8 da sapere sul giornalismo radiofonico.\u00a0<\/span><\/p>\n<p><strong>Dove vivrai in Argentina<\/strong><\/p>\n<p><span style=\"font-weight: 400;\">I nostri stage di giornalismo radiofonico in Argentina si svolgono ad Unqullo, una cittadina di circa 15.000 abitanti nella provincia di Cordoba, da cui dista pi\u00f9 o meno 15 km. Nel tempo libero, potrai esplorare la citt\u00e0, visitare posti come la Casa Museo Buffo, una cappella trasformata in un museo.\u00a0<\/span><\/p>\n<p><strong>Arrivo in aeroporto<\/strong><\/p>\n<p><span style=\"font-weight: 400;\">Se parteciperai a questo progetto, dovresti arrivare all\u2019Aeroporto Internazionale di Cordoba International Airport (COR) dove una persona del nostro staff ti aspetter\u00e0 a braccia aperte.<\/span><\/p>\n<p><strong>Vitto e alloggio<\/strong><\/p>\n<p><span style=\"font-weight: 400;\">Sarai ospite di una famiglia locale a C\u00f3rdoba. Ti accoglieranno nella loro casa, felici di condividere le loro abitudini e scoprire la tua cultura. Crediamo che questo sia il modo migliore per immergerti nello stile di vita argentino e vivere un\u2019esperienza unica. La tua stanza sar\u00e0 semplice, ma confortevole, pulita e sicura.<\/span><span style=\"font-weight: 400;\"><br \/>\n<\/span><span style=\"font-weight: 400;\">Il costo di partecipazione include tre pasti al giorno.\u00a0<\/span><\/p>\n<p><strong>Tempo libero<\/strong><\/p>\n<p><span style=\"font-weight: 400;\">L\u2019Argentina vibra di colori e cultura. Partecipare ad uno dei nostri progetti di volontariato e stage sar\u00e0 anche un\u2019ottima occasione per esplorare questo Paese tra i pi\u00f9 affascinanti in America Latina.<\/span><\/p>\n<p><span style=\"font-weight: 400;\">Sono tante le cose che potrai fare nel tempo libero. Le offerte culturali non mancano: una visita al Museo di Belle Arti Evita Superior oppure al Teatro del <\/span><i><span style=\"font-weight: 400;\">Libertador General San Mart\u00edn<\/span><\/i><span style=\"font-weight: 400;\">. Avrai anche modo di imparare la storia del Paese nei musei locali oppure visitare il posto in cui \u00e8 nato Che Guevara. Ma potrai anche semplicemente trascorrere un pomeriggio gustando un caff\u00e8 in Piazza San Mart\u00edn, con la sua iconica statua del Generale Jos\u00e9 de San Mart\u00edn.<\/span><\/p>\n<p><span style=\"font-weight: 400;\">Nel fine settimana, un\u2019ottima idea \u00e8 fare una gita in montagna. La natura intorno alla citt\u00e0 \u00e8 incredibile. Per apprezzarla ancora di pi\u00f9, ti consigliamo una passeggiata a cavallo.\u00a0<\/span><\/p>\n<p><span style=\"font-weight: 400;\">Conoscerai altre persone che partecipano a progetti di volontariato o stage in Argentina. Potrebbero diventare un\u2019ottima compagnia per le tue esplorazioni del Paese.<\/span>[\/vc_wp_text]<div class=\"deeper-spacer clearfix\" data-config='{\"desktop\":20,\"mobile\":20,\"smobile\":20}'><\/div>[\/vc_column][\/vc_row][vc_row full_width=&#8221;stretch_row&#8221; canvas=&#8221;%5B%7B%22shape%22%3A%22shape-1%22%2C%22image_effect%22%3A%22style-1%22%2C%22smoothness%22%3A%2230%22%7D%5D&#8221; css=&#8221;.vc_custom_1709070045306{background-color: #f8f8f9 !important;}&#8221;][vc_column][vc_row_inner][vc_column_inner width=&#8221;1\/3&#8243;]<div class=\"url-wrap  align-center\" >\r\n\t\t\t\t\t\t<a class=\"deeper-button button-accent small\" style=\"\" href=https:\/\/mondify.org\/it\/eur-budget\/ title=&quot;budget&quot; >Budget<span class=\"hover-effect\"><\/span><\/a>\r\n\t\t\t\t\t<\/div>[\/vc_column_inner][vc_column_inner width=&#8221;1\/3&#8243;]<div class=\"url-wrap  align-center\" >\r\n\t\t\t\t\t\t<a class=\"deeper-button button-gradient-orange2 medium\" style=\"\" href=https:\/\/docs.google.com\/forms\/d\/e\/1FAIpQLSfJtKldNq1SvMelN-KvE2L7ns1l51Ok7zGyyBk5DJtmKP7T-g\/viewform >Iscriviti ora<span class=\"hover-effect\"><\/span><\/a>\r\n\t\t\t\t\t<\/div>[\/vc_column_inner][vc_column_inner width=&#8221;1\/3&#8243;][vc_raw_html]JTNDZGl2JTIwc3R5bGUlM0QlMjJ0ZXh0LWFsaWduJTNBJTIwY2VudGVyJTNCJTIyJTNFJTBBJTIwJTIwJTIwJTNDYSUyMGNsYXNzJTNEJTIyZGVlcGVyLWJ1dHRvbiUyMGJ1dHRvbi1hY2NlbnQlMjBzbWFsbCUyMiUyMG9uY2xpY2slM0QlMjJoaXN0b3J5LmJhY2slMjglMjklMjIlM0VUb3JuYSUyMGluZGlldHJvJTNDJTJGYSUzRSUwQSUzQyUyRmRpdiUzRSUwQQ==[\/vc_raw_html][\/vc_column_inner][\/vc_row_inner]<div class=\"deeper-spacer clearfix\" data-config='{\"desktop\":60,\"mobile\":50,\"smobile\":40}'><\/div>[\/vc_column][\/vc_row]<\/p>\n<\/div>","protected":false},"excerpt":{"rendered":"<p>[vc_row][vc_column][vc_row_inner][vc_column_inner width=&#8221;2\/3&#8243; offset=&#8221;vc_col-lg-6 vc_col-md-7 vc_col-sm-offset-0&#8243;][\/vc_column_inner][vc_column_inner width=&#8221;1\/3&#8243; offset=&#8221;vc_col-lg-offset-2 vc_col-lg-4 vc_col-md-offset-1 vc_col-md-4&#8243;][\/vc_column_inner][\/vc_row_inner][\/vc_column][\/vc_row][vc_row full_width=&#8221;stretch_row&#8221; canvas=&#8221;%5B%7B%22shape%22%3A%22shape-1%22%2C%22image_effect%22%3A%22style-1%22%2C%22smoothness%22%3A%2230%22%7D%5D&#8221; css=&#8221;.vc_custom_1592577640421{background-color: #f8f8f9 !important;}&#8221;][vc_column][vc_wp_text]Le attivit\u00e0: Lavorerai con giornalisti professionisti di una radio locale, incentrata su attualit\u00e0 e politica, con grande enfasi sulla sensibilizzazione dei diritti umani. Sar\u00e0 una grande occasione per fare esperienza pratica in alcuni specifici compiti: approfondire<\/p>\n","protected":false},"author":2,"featured_media":0,"parent":0,"menu_order":0,"comment_status":"closed","ping_status":"closed","template":"","meta":{"footnotes":""},"class_list":["post-5422","page","type-page","status-publish","hentry"],"_links":{"self":[{"href":"https:\/\/mondify.org\/it\/wp-json\/wp\/v2\/pages\/5422","targetHints":{"allow":["GET"]}}],"collection":[{"href":"https:\/\/mondify.org\/it\/wp-json\/wp\/v2\/pages"}],"about":[{"href":"https:\/\/mondify.org\/it\/wp-json\/wp\/v2\/types\/page"}],"author":[{"embeddable":true,"href":"https:\/\/mondify.org\/it\/wp-json\/wp\/v2\/users\/2"}],"replies":[{"embeddable":true,"href":"https:\/\/mondify.org\/it\/wp-json\/wp\/v2\/comments?post=5422"}],"version-history":[{"count":0,"href":"https:\/\/mondify.org\/it\/wp-json\/wp\/v2\/pages\/5422\/revisions"}],"wp:attachment":[{"href":"https:\/\/mondify.org\/it\/wp-json\/wp\/v2\/media?parent=5422"}],"curies":[{"name":"wp","href":"https:\/\/api.w.org\/{rel}","templated":true}]}}

<div class="wpb-content-wrapper"><p>[vc_row][vc_column]<div class="deeper-spacer clearfix" data-config='{"desktop":100,"mobile":120,"smobile":120}'></div><h1 class="deeper-text align-center " style="margin-bottom:30px;" ><span>Stage di giornalismo radiofonico in Argentina</span>
</h1><div class="deeper-spacer clearfix" data-config='{"desktop":50,"mobile":40,"smobile":30}'></div><div class="deeper-fancy-image reveal  lr "   data-inviewport="yes">
							<figure style="border-radius:10px;overflow:hidden;"><img decoding="async" alt="image" src="https://mondify.org/it/wp-content/uploads/2023/12/mondify_prog_002-v2.jpg" /> </figure>
						</div><div class="deeper-spacer clearfix" data-config='{"desktop":50,"mobile":40,"smobile":30}'></div>[vc_row_inner][vc_column_inner width=&#8221;2/3&#8243; offset=&#8221;vc_col-lg-6 vc_col-md-7 vc_col-sm-offset-0&#8243;]<div class="deeper-text align-left " style="margin-bottom:30px;" ><span><span style="font-weight: 400;">Fai esperienza in radio!</span></span>
<span><span style="font-weight: 400;">Il nostro progetto di stage in giornalismo radiofonico in Argentina è l’opportunità perfetta per acquisire esperienza presso una stazione radio, migliorare il tuo CV, affinare le tue capacità e conoscere il mondo dei media all’estero.</span></span>
<span><span style="font-weight: 400;">Lavorerai con giornalisti esperti e vivrai in prima persona la quotidianità di questo stile di vita. In più, vedrai come funziona una stazione radio e ti farai coinvolgere in diverse attività. Quale occasione migliore per iniziare a creare il tuo portfolio? </span></span>
<span><span style="font-weight: 400;">In più, grazie al lavoro, ti addentrerai nella cultura locale ed entrerai in contatto con tante persone diverse.</span></span>
<span><span style="font-weight: 400;">Si tratta di stage perfetti per acquisire esperienza e dare slancio al tuo CV, a prescindere dal fatto che tu abbia completato gli studi o non abbia ancora esperienza nel giornalismo.</span></span>
<span><span style="font-weight: 400;">Questi stage sono specifici per il giornalismo radiofonico, per cui è importante che tu abbia dimestichezza con l’idea di parlare in radio o interesse per la scrittura di sceneggiature, che è cosa diversa dalla scrittura convenzionale. </span></span>
<span><span style="font-weight: 400;">Puoi scegliere liberamente le date di partenza. Organizzeremo la tua esperienza in base alle tue preferenze.</span></span>
</div><div class="deeper-spacer clearfix" data-config='{"desktop":50,"mobile":40,"smobile":30}'></div>[/vc_column_inner][vc_column_inner width=&#8221;1/3&#8243; offset=&#8221;vc_col-lg-offset-2 vc_col-lg-4 vc_col-md-offset-1 vc_col-md-4&#8243;]<div class="deeper-spacer clearfix" data-config='{"desktop":6,"mobile":6,"smobile":6}'></div><h2 class="deeper-text align-left " style="font-size:22px;line-height:35px;margin-bottom:0px;" ><span>Date di inizio:</span>
</h2><div class="deeper-text align-left " style="margin-bottom:0px;" ><span>Flessibile</span>
</div><div class="deeper-spacer clearfix" data-config='{"desktop":37,"mobile":37,"smobile":37}'></div><h2 class="deeper-text align-left " style="font-size:22px;line-height:35px;margin-bottom:0px;" ><span>Durata minima:</span>
</h2><div class="deeper-text align-left " style="margin-bottom:0px;" ><span>1 settimana</span>
</div><div class="deeper-spacer clearfix" data-config='{"desktop":37,"mobile":37,"smobile":37}'></div><div class="deeper-fancy-image simple " style="border-radius:10px;overflow:hidden;" >
							<a target="_blank" href="https://mondify.org/it/it-media/"><img decoding="async" alt="image" src="https://mondify.org/it/wp-content/uploads/2024/03/Testimonianze.jpg" /></a> 
						</div>[/vc_column_inner][/vc_row_inner][/vc_column][/vc_row][vc_row full_width=&#8221;stretch_row&#8221; canvas=&#8221;%5B%7B%22shape%22%3A%22shape-1%22%2C%22image_effect%22%3A%22style-1%22%2C%22smoothness%22%3A%2230%22%7D%5D&#8221; css=&#8221;.vc_custom_1592577640421{background-color: #f8f8f9 !important;}&#8221;][vc_column]<div class="deeper-spacer clearfix" data-config='{"desktop":20,"mobile":20,"smobile":20}'></div>[vc_wp_text]<strong>Le attività:</strong></p>
<p><span style="font-weight: 400;">Lavorerai con giornalisti professionisti di una radio locale, incentrata su attualità e politica, con grande enfasi sulla sensibilizzazione dei diritti umani. Sarà una grande occasione per fare esperienza pratica in alcuni specifici compiti:</span></p>
<ul>
<li style="font-weight: 400;" aria-level="1"><span style="font-weight: 400;">approfondire argomenti per una discussione live</span></li>
<li style="font-weight: 400;" aria-level="1"><span style="font-weight: 400;">esprimere la tua opinione su temi di attualità nel corso delle trasmissioni</span></li>
<li style="font-weight: 400;" aria-level="1"><span style="font-weight: 400;">condurre interviste dal vivo affinché le persone possano condividere il proprio punto di vista</span></li>
</ul>
<p><span style="font-weight: 400;">Per ogni attività, ci sarà una persona esperta a guidarti. </span></p>
<p><span style="font-weight: 400;">La stazione radio è perfettamente attrezzata e imparerai tutto quello che c’è da sapere sul giornalismo radiofonico. </span></p>
<p><strong>Dove vivrai in Argentina</strong></p>
<p><span style="font-weight: 400;">I nostri stage di giornalismo radiofonico in Argentina si svolgono ad Unqullo, una cittadina di circa 15.000 abitanti nella provincia di Cordoba, da cui dista più o meno 15 km. Nel tempo libero, potrai esplorare la città, visitare posti come la Casa Museo Buffo, una cappella trasformata in un museo. </span></p>
<p><strong>Arrivo in aeroporto</strong></p>
<p><span style="font-weight: 400;">Se parteciperai a questo progetto, dovresti arrivare all’Aeroporto Internazionale di Cordoba International Airport (COR) dove una persona del nostro staff ti aspetterà a braccia aperte.</span></p>
<p><strong>Vitto e alloggio</strong></p>
<p><span style="font-weight: 400;">Sarai ospite di una famiglia locale a Córdoba. Ti accoglieranno nella loro casa, felici di condividere le loro abitudini e scoprire la tua cultura. Crediamo che questo sia il modo migliore per immergerti nello stile di vita argentino e vivere un’esperienza unica. La tua stanza sarà semplice, ma confortevole, pulita e sicura.</span><span style="font-weight: 400;"><br />
</span><span style="font-weight: 400;">Il costo di partecipazione include tre pasti al giorno. </span></p>
<p><strong>Tempo libero</strong></p>
<p><span style="font-weight: 400;">L’Argentina vibra di colori e cultura. Partecipare ad uno dei nostri progetti di volontariato e stage sarà anche un’ottima occasione per esplorare questo Paese tra i più affascinanti in America Latina.</span></p>
<p><span style="font-weight: 400;">Sono tante le cose che potrai fare nel tempo libero. Le offerte culturali non mancano: una visita al Museo di Belle Arti Evita Superior oppure al Teatro del </span><i><span style="font-weight: 400;">Libertador General San Martín</span></i><span style="font-weight: 400;">. Avrai anche modo di imparare la storia del Paese nei musei locali oppure visitare il posto in cui è nato Che Guevara. Ma potrai anche semplicemente trascorrere un pomeriggio gustando un caffè in Piazza San Martín, con la sua iconica statua del Generale José de San Martín.</span></p>
<p><span style="font-weight: 400;">Nel fine settimana, un’ottima idea è fare una gita in montagna. La natura intorno alla città è incredibile. Per apprezzarla ancora di più, ti consigliamo una passeggiata a cavallo. </span></p>
<p><span style="font-weight: 400;">Conoscerai altre persone che partecipano a progetti di volontariato o stage in Argentina. Potrebbero diventare un’ottima compagnia per le tue esplorazioni del Paese.</span>[/vc_wp_text]<div class="deeper-spacer clearfix" data-config='{"desktop":20,"mobile":20,"smobile":20}'></div>[/vc_column][/vc_row][vc_row full_width=&#8221;stretch_row&#8221; canvas=&#8221;%5B%7B%22shape%22%3A%22shape-1%22%2C%22image_effect%22%3A%22style-1%22%2C%22smoothness%22%3A%2230%22%7D%5D&#8221; css=&#8221;.vc_custom_1709070045306{background-color: #f8f8f9 !important;}&#8221;][vc_column][vc_row_inner][vc_column_inner width=&#8221;1/3&#8243;]<div class="url-wrap  align-center" >
						<a class="deeper-button button-accent small" style="" href=https://mondify.org/it/eur-budget/ title=&quot;budget&quot; >Budget<span class="hover-effect"></span></a>
					</div>[/vc_column_inner][vc_column_inner width=&#8221;1/3&#8243;]<div class="url-wrap  align-center" >
						<a class="deeper-button button-gradient-orange2 medium" style="" href=https://docs.google.com/forms/d/e/1FAIpQLSfJtKldNq1SvMelN-KvE2L7ns1l51Ok7zGyyBk5DJtmKP7T-g/viewform >Iscriviti ora<span class="hover-effect"></span></a>
					</div>[/vc_column_inner][vc_column_inner width=&#8221;1/3&#8243;][vc_raw_html]JTNDZGl2JTIwc3R5bGUlM0QlMjJ0ZXh0LWFsaWduJTNBJTIwY2VudGVyJTNCJTIyJTNFJTBBJTIwJTIwJTIwJTNDYSUyMGNsYXNzJTNEJTIyZGVlcGVyLWJ1dHRvbiUyMGJ1dHRvbi1hY2NlbnQlMjBzbWFsbCUyMiUyMG9uY2xpY2slM0QlMjJoaXN0b3J5LmJhY2slMjglMjklMjIlM0VUb3JuYSUyMGluZGlldHJvJTNDJTJGYSUzRSUwQSUzQyUyRmRpdiUzRSUwQQ==[/vc_raw_html][/vc_column_inner][/vc_row_inner]<div class="deeper-spacer clearfix" data-config='{"desktop":60,"mobile":50,"smobile":40}'></div>[/vc_column][/vc_row]</p>
</div>

<p>[vc_row][vc_column][vc_row_inner][vc_column_inner width=&#8221;2/3&#8243; offset=&#8221;vc_col-lg-6 vc_col-md-7 vc_col-sm-offset-0&#8243;][/vc_column_inner][vc_column_inner width=&#8221;1/3&#8243; offset=&#8221;vc_col-lg-offset-2 vc_col-lg-4 vc_col-md-offset-1 vc_col-md-4&#8243;][/vc_column_inner][/vc_row_inner][/vc_column][/vc_row][vc_row full_width=&#8221;stretch_row&#8221; canvas=&#8221;%5B%7B%22shape%22%3A%22shape-1%22%2C%22image_effect%22%3A%22style-1%22%2C%22smoothness%22%3A%2230%22%7D%5D&#8221; css=&#8221;.vc_custom_1592577640421{background-color: #f8f8f9 !important;}&#8221;][vc_column][vc_wp_text]Le attività: Lavorerai con giornalisti professionisti di una radio locale, incentrata su attualità e politica, con grande enfasi sulla sensibilizzazione dei diritti umani. Sarà una grande occasione per fare esperienza pratica in alcuni specifici compiti: approfondire</p>
